{"id":1256,"date":"2021-03-09T12:45:17","date_gmt":"2021-03-09T11:45:17","guid":{"rendered":"https:\/\/www.herbolarioarboldete.com\/?post_type=product&#038;p=1256"},"modified":"2023-04-05T12:42:18","modified_gmt":"2023-04-05T10:42:18","slug":"papillas-de-copos-de-arroz-eco-holle-250gr","status":"publish","type":"product","link":"https:\/\/www.herbolarioarboldete.com\/index.php\/producto\/papillas-de-copos-de-arroz-eco-holle-250gr\/","title":{"rendered":"Papillas De Copos De Arroz Eco Holle 250gr"},"content":{"rendered":"","protected":false},"excerpt":{"rendered":"<p>Las papillas ecol\u00f3gicas Holle se elaboran a partir de granos enteros de cereales.<\/p>\n<p>De esta forma se aprovechan al m\u00e1ximo los componentes nutricionales naturales del cereal como son las prote\u00ednas, los hidratos de carbono y las grasas, al igual que las vitaminas y los minerales. Asimismo se conservan las fibras, imprescindibles para ayudar en el proceso digestivo.<\/p>\n<p>F\u00e1ciles de digerir, se pueden preparar de forma variada, al gusto de cada beb\u00e9 y ni\u00f1o.<\/p>\n","protected":false},"featured_media":1257,"comment_status":"open","ping_status":"closed","template":"","meta":{"_monsterinsights_skip_tracking":false,"_monsterinsights_sitenote_active":false,"_monsterinsights_sitenote_note":"","_monsterinsights_sitenote_category":0,"spay_email":""},"product_cat":[30],"product_tag":[],"class_list":["post-1256","product","type-product","status-publish","has-post-thumbnail","hentry","product_cat-mamas-y-bebes"],"_links":{"self":[{"href":"https:\/\/www.herbolarioarboldete.com\/index.php\/wp-json\/wp\/v2\/product\/1256","targetHints":{"allow":["GET"]}}],"collection":[{"href":"https:\/\/www.herbolarioarboldete.com\/index.php\/wp-json\/wp\/v2\/product"}],"about":[{"href":"https:\/\/www.herbolarioarboldete.com\/index.php\/wp-json\/wp\/v2\/types\/product"}],"replies":[{"embeddable":true,"href":"https:\/\/www.herbolarioarboldete.com\/index.php\/wp-json\/wp\/v2\/comments?post=1256"}],"wp:featuredmedia":[{"embeddable":true,"href":"https:\/\/www.herbolarioarboldete.com\/index.php\/wp-json\/wp\/v2\/media\/1257"}],"wp:attachment":[{"href":"https:\/\/www.herbolarioarboldete.com\/index.php\/wp-json\/wp\/v2\/media?parent=1256"}],"wp:term":[{"taxonomy":"product_cat","embeddable":true,"href":"https:\/\/www.herbolarioarboldete.com\/index.php\/wp-json\/wp\/v2\/product_cat?post=1256"},{"taxonomy":"product_tag","embeddable":true,"href":"https:\/\/www.herbolarioarboldete.com\/index.php\/wp-json\/wp\/v2\/product_tag?post=1256"}],"curies":[{"name":"wp","href":"https:\/\/api.w.org\/{rel}","templated":true}]}}