{"id":1958,"date":"2021-03-09T18:13:06","date_gmt":"2021-03-09T17:13:06","guid":{"rendered":"https:\/\/www.herbolarioarboldete.com\/index.php\/producto\/crema-dia-rosa-mosqueta-30-ml-weleda19\/"},"modified":"2023-04-05T12:25:27","modified_gmt":"2023-04-05T10:25:27","slug":"crema-dia-rosa-mosqueta-30-ml-weleda19","status":"publish","type":"product","link":"https:\/\/www.herbolarioarboldete.com\/index.php\/producto\/crema-dia-rosa-mosqueta-30-ml-weleda19\/","title":{"rendered":"Crema Dia Rosa Mosqueta 30 Ml Weleda"},"content":{"rendered":"","protected":false},"excerpt":{"rendered":"<p>CREMA DIA ROSA MOSQUETA 30ML WELEDA<\/p>\n<div class=\"description\">Aten\u00faa l\u00edneas de expresi\u00f3n y suaviza la piel<\/div>\n<div class=\"product-info js-product-info\">\n<div class=\"product-summary\">\n<p>Crema nutritiva de d\u00eda para piel normal a seca que deja un acabado aterciopelado y radiante en la piel, a la vez que la protege de los primeros signos de la edad. Aten\u00faa visiblemente las l\u00edneas de expresi\u00f3n y aporta vitalidad.&nbsp;Nutre y suaviza &#8211; Piel normal a seca<\/p>\n<\/div>\n<\/div>\n","protected":false},"featured_media":3500,"comment_status":"open","ping_status":"closed","template":"","meta":{"_monsterinsights_skip_tracking":false,"_monsterinsights_sitenote_active":false,"_monsterinsights_sitenote_note":"","_monsterinsights_sitenote_category":0,"spay_email":""},"product_cat":[35],"product_tag":[63],"class_list":["post-1958","product","type-product","status-publish","has-post-thumbnail","hentry","product_cat-cosmetica-natural","product_tag-cosmetica-facial"],"_links":{"self":[{"href":"https:\/\/www.herbolarioarboldete.com\/index.php\/wp-json\/wp\/v2\/product\/1958","targetHints":{"allow":["GET"]}}],"collection":[{"href":"https:\/\/www.herbolarioarboldete.com\/index.php\/wp-json\/wp\/v2\/product"}],"about":[{"href":"https:\/\/www.herbolarioarboldete.com\/index.php\/wp-json\/wp\/v2\/types\/product"}],"replies":[{"embeddable":true,"href":"https:\/\/www.herbolarioarboldete.com\/index.php\/wp-json\/wp\/v2\/comments?post=1958"}],"wp:featuredmedia":[{"embeddable":true,"href":"https:\/\/www.herbolarioarboldete.com\/index.php\/wp-json\/wp\/v2\/media\/3500"}],"wp:attachment":[{"href":"https:\/\/www.herbolarioarboldete.com\/index.php\/wp-json\/wp\/v2\/media?parent=1958"}],"wp:term":[{"taxonomy":"product_cat","embeddable":true,"href":"https:\/\/www.herbolarioarboldete.com\/index.php\/wp-json\/wp\/v2\/product_cat?post=1958"},{"taxonomy":"product_tag","embeddable":true,"href":"https:\/\/www.herbolarioarboldete.com\/index.php\/wp-json\/wp\/v2\/product_tag?post=1958"}],"curies":[{"name":"wp","href":"https:\/\/api.w.org\/{rel}","templated":true}]}}