{"id":1959,"date":"2021-03-09T18:13:06","date_gmt":"2021-03-09T17:13:06","guid":{"rendered":"https:\/\/www.herbolarioarboldete.com\/index.php\/producto\/fluido-hidratante-iris-30-ml-weleda15\/"},"modified":"2023-04-05T12:25:19","modified_gmt":"2023-04-05T10:25:19","slug":"fluido-hidratante-iris-30-ml-weleda15","status":"publish","type":"product","link":"https:\/\/www.herbolarioarboldete.com\/index.php\/producto\/fluido-hidratante-iris-30-ml-weleda15\/","title":{"rendered":"Fluido Hidratante Iris 30 Ml Weleda"},"content":{"rendered":"","protected":false},"excerpt":{"rendered":"<div>FLUIDO HIDRATANTE IRIS 30ML WELEDA<\/div>\n<div><\/div>\n<div class=\"description\">Hidrataci\u00f3n intensiva. Preserva la protecci\u00f3n natural<\/div>\n<div class=\"product-info js-product-info\">\n<div class=\"product-summary\">\n<p>Flu\u00eddo hidratante de r\u00e1pida absorci\u00f3n. Protege la piel y mantiene el equilibrio hidrolip\u00eddico natural.&nbsp;Hidrataci\u00f3n intensiva de r\u00e1pida absorci\u00f3n &#8211; Piel normal a mixta<\/p>\n<\/div>\n<\/div>\n","protected":false},"featured_media":3499,"comment_status":"open","ping_status":"closed","template":"","meta":{"_monsterinsights_skip_tracking":false,"_monsterinsights_sitenote_active":false,"_monsterinsights_sitenote_note":"","_monsterinsights_sitenote_category":0,"spay_email":""},"product_cat":[35],"product_tag":[63],"class_list":["post-1959","product","type-product","status-publish","has-post-thumbnail","hentry","product_cat-cosmetica-natural","product_tag-cosmetica-facial"],"_links":{"self":[{"href":"https:\/\/www.herbolarioarboldete.com\/index.php\/wp-json\/wp\/v2\/product\/1959","targetHints":{"allow":["GET"]}}],"collection":[{"href":"https:\/\/www.herbolarioarboldete.com\/index.php\/wp-json\/wp\/v2\/product"}],"about":[{"href":"https:\/\/www.herbolarioarboldete.com\/index.php\/wp-json\/wp\/v2\/types\/product"}],"replies":[{"embeddable":true,"href":"https:\/\/www.herbolarioarboldete.com\/index.php\/wp-json\/wp\/v2\/comments?post=1959"}],"wp:featuredmedia":[{"embeddable":true,"href":"https:\/\/www.herbolarioarboldete.com\/index.php\/wp-json\/wp\/v2\/media\/3499"}],"wp:attachment":[{"href":"https:\/\/www.herbolarioarboldete.com\/index.php\/wp-json\/wp\/v2\/media?parent=1959"}],"wp:term":[{"taxonomy":"product_cat","embeddable":true,"href":"https:\/\/www.herbolarioarboldete.com\/index.php\/wp-json\/wp\/v2\/product_cat?post=1959"},{"taxonomy":"product_tag","embeddable":true,"href":"https:\/\/www.herbolarioarboldete.com\/index.php\/wp-json\/wp\/v2\/product_tag?post=1959"}],"curies":[{"name":"wp","href":"https:\/\/api.w.org\/{rel}","templated":true}]}}