{"id":2053,"date":"2021-03-09T18:14:49","date_gmt":"2021-03-09T17:14:49","guid":{"rendered":"https:\/\/www.herbolarioarboldete.com\/index.php\/producto\/vitamina-b12-solgar-500microgramos10\/"},"modified":"2023-04-05T12:23:25","modified_gmt":"2023-04-05T10:23:25","slug":"vitamina-b12-solgar-500microgramos10","status":"publish","type":"product","link":"https:\/\/www.herbolarioarboldete.com\/index.php\/producto\/vitamina-b12-solgar-500microgramos10\/","title":{"rendered":"Vitamina B12 Solgar 500microgramos"},"content":{"rendered":"","protected":false},"excerpt":{"rendered":"<p>Solgar<sup>\u00ae<\/sup>&nbsp;Vitamina B12 500 \u00b5g se presenta en forma de c\u00e1psulas vegetales f\u00e1ciles de tomar. La vitamina B12, tambi\u00e9n denominada cobalamina, es la \u00fanica vitamina que contiene cobalto, un oligoelemento necesario para la formaci\u00f3n de los gl\u00f3bulos rojos. Tambi\u00e9n desempe\u00f1a distintas funciones en el organismo, como reducir el cansancio y ayudar a liberar la energ\u00eda de los alimentos.<\/p>\n<p>Adem\u00e1s de aumentar la energ\u00eda, la vitamina B12 aporta distintos beneficios para la salud como favorecer el bienestar general y la vitalidad, estimulando el sistema inmunitario, el equilibrio mental y la formaci\u00f3n de los gl\u00f3bulos rojos.<\/p>\n<p>La vitamina B12, una vitamina hidrosoluble, se encuentra de forma natural en el pescado, los l\u00e1cteos, las v\u00edsceras, la ternera, el cerdo, los alimentos enriquecidos. Dado que la carne es la principal fuente de vitamina B12, habitualmente se recomienda un suplemento diario a los veganos y vegetarianos.<\/p>\n","protected":false},"featured_media":3249,"comment_status":"open","ping_status":"closed","template":"","meta":{"_monsterinsights_skip_tracking":false,"_monsterinsights_sitenote_active":false,"_monsterinsights_sitenote_note":"","_monsterinsights_sitenote_category":0,"spay_email":""},"product_cat":[40],"product_tag":[68],"class_list":["post-2053","product","type-product","status-publish","has-post-thumbnail","hentry","product_cat-complementos-nutricionales","product_tag-vitaminas-y-minerales"],"_links":{"self":[{"href":"https:\/\/www.herbolarioarboldete.com\/index.php\/wp-json\/wp\/v2\/product\/2053","targetHints":{"allow":["GET"]}}],"collection":[{"href":"https:\/\/www.herbolarioarboldete.com\/index.php\/wp-json\/wp\/v2\/product"}],"about":[{"href":"https:\/\/www.herbolarioarboldete.com\/index.php\/wp-json\/wp\/v2\/types\/product"}],"replies":[{"embeddable":true,"href":"https:\/\/www.herbolarioarboldete.com\/index.php\/wp-json\/wp\/v2\/comments?post=2053"}],"wp:featuredmedia":[{"embeddable":true,"href":"https:\/\/www.herbolarioarboldete.com\/index.php\/wp-json\/wp\/v2\/media\/3249"}],"wp:attachment":[{"href":"https:\/\/www.herbolarioarboldete.com\/index.php\/wp-json\/wp\/v2\/media?parent=2053"}],"wp:term":[{"taxonomy":"product_cat","embeddable":true,"href":"https:\/\/www.herbolarioarboldete.com\/index.php\/wp-json\/wp\/v2\/product_cat?post=2053"},{"taxonomy":"product_tag","embeddable":true,"href":"https:\/\/www.herbolarioarboldete.com\/index.php\/wp-json\/wp\/v2\/product_tag?post=2053"}],"curies":[{"name":"wp","href":"https:\/\/api.w.org\/{rel}","templated":true}]}}