{"id":2317,"date":"2021-03-09T18:18:34","date_gmt":"2021-03-09T17:18:34","guid":{"rendered":"https:\/\/www.herbolarioarboldete.com\/index.php\/producto\/tomillo-blanco-30ml-aceite-esencial-terpenic29\/"},"modified":"2023-04-05T12:20:52","modified_gmt":"2023-04-05T10:20:52","slug":"tomillo-blanco-30ml-aceite-esencial-terpenic29","status":"publish","type":"product","link":"https:\/\/www.herbolarioarboldete.com\/index.php\/producto\/tomillo-blanco-30ml-aceite-esencial-terpenic29\/","title":{"rendered":"Tomillo Blanco 30ml Aceite Esencial Terpenic"},"content":{"rendered":"","protected":false},"excerpt":{"rendered":"<p>Los aceites esenciales son la expresi\u00f3n m\u00e1s concentrada de la naturaleza.<\/p>\n<p>Cada uno de ellos contiene una composici\u00f3n \u00fanica que los distingue y les aporta innumerables propiedades, adem\u00e1s de tener una potente influencia en nuestras emociones.<\/p>\n<p>Se pueden utilizar en un difusor, diluidos en aceite vegetal para masajes o agregar a tu cosm\u00e9tica natural casera.<\/p>\n<p>En algunos pueden incluso utilizarse por v\u00eda oral y t\u00f3pica.<\/p>\n","protected":false},"featured_media":3058,"comment_status":"open","ping_status":"closed","template":"","meta":{"_monsterinsights_skip_tracking":false,"_monsterinsights_sitenote_active":false,"_monsterinsights_sitenote_note":"","_monsterinsights_sitenote_category":0,"spay_email":""},"product_cat":[24],"product_tag":[25],"class_list":["post-2317","product","type-product","status-publish","has-post-thumbnail","hentry","product_cat-aceites-esenciales","product_tag-aceites-esenciales"],"_links":{"self":[{"href":"https:\/\/www.herbolarioarboldete.com\/index.php\/wp-json\/wp\/v2\/product\/2317","targetHints":{"allow":["GET"]}}],"collection":[{"href":"https:\/\/www.herbolarioarboldete.com\/index.php\/wp-json\/wp\/v2\/product"}],"about":[{"href":"https:\/\/www.herbolarioarboldete.com\/index.php\/wp-json\/wp\/v2\/types\/product"}],"replies":[{"embeddable":true,"href":"https:\/\/www.herbolarioarboldete.com\/index.php\/wp-json\/wp\/v2\/comments?post=2317"}],"wp:featuredmedia":[{"embeddable":true,"href":"https:\/\/www.herbolarioarboldete.com\/index.php\/wp-json\/wp\/v2\/media\/3058"}],"wp:attachment":[{"href":"https:\/\/www.herbolarioarboldete.com\/index.php\/wp-json\/wp\/v2\/media?parent=2317"}],"wp:term":[{"taxonomy":"product_cat","embeddable":true,"href":"https:\/\/www.herbolarioarboldete.com\/index.php\/wp-json\/wp\/v2\/product_cat?post=2317"},{"taxonomy":"product_tag","embeddable":true,"href":"https:\/\/www.herbolarioarboldete.com\/index.php\/wp-json\/wp\/v2\/product_tag?post=2317"}],"curies":[{"name":"wp","href":"https:\/\/api.w.org\/{rel}","templated":true}]}}