{"id":2398,"date":"2021-03-09T18:19:03","date_gmt":"2021-03-09T17:19:03","guid":{"rendered":"https:\/\/www.herbolarioarboldete.com\/index.php\/producto\/epa-omega-3-1414mg39\/"},"modified":"2023-04-05T12:20:07","modified_gmt":"2023-04-05T10:20:07","slug":"epa-omega-3-1414mg39","status":"publish","type":"product","link":"https:\/\/www.herbolarioarboldete.com\/index.php\/producto\/epa-omega-3-1414mg39\/","title":{"rendered":"Epa Omega 3 1414mg Sura Vitasan 60 Caps."},"content":{"rendered":"","protected":false},"excerpt":{"rendered":"<p><strong>Omega-3<\/strong>&nbsp; de Sura Vitasan es un complemento alimenticio a base de \u00e1cidos grasos esenciales omega- 3 que proporciona <strong>180 mg de EPA<\/strong>&nbsp;y&nbsp;<strong>120 mg de DHA<\/strong>&nbsp;por perla. <\/p>\n<p>El aceite se obtiene a partir de sardinas y anchoas salvajes por&nbsp;<strong>destilaci\u00f3n molecular<\/strong>, un m\u00e9todo de purificaci\u00f3n que garantiza un aceite de&nbsp;<strong>grado farmac\u00e9utico<\/strong>&nbsp;libre de contaminantes ambientales.<\/p>\n","protected":false},"featured_media":3005,"comment_status":"open","ping_status":"closed","template":"","meta":{"_monsterinsights_skip_tracking":false,"_monsterinsights_sitenote_active":false,"_monsterinsights_sitenote_note":"","_monsterinsights_sitenote_category":0,"spay_email":""},"product_cat":[40],"product_tag":[68],"class_list":["post-2398","product","type-product","status-publish","has-post-thumbnail","hentry","product_cat-complementos-nutricionales","product_tag-vitaminas-y-minerales"],"_links":{"self":[{"href":"https:\/\/www.herbolarioarboldete.com\/index.php\/wp-json\/wp\/v2\/product\/2398","targetHints":{"allow":["GET"]}}],"collection":[{"href":"https:\/\/www.herbolarioarboldete.com\/index.php\/wp-json\/wp\/v2\/product"}],"about":[{"href":"https:\/\/www.herbolarioarboldete.com\/index.php\/wp-json\/wp\/v2\/types\/product"}],"replies":[{"embeddable":true,"href":"https:\/\/www.herbolarioarboldete.com\/index.php\/wp-json\/wp\/v2\/comments?post=2398"}],"wp:featuredmedia":[{"embeddable":true,"href":"https:\/\/www.herbolarioarboldete.com\/index.php\/wp-json\/wp\/v2\/media\/3005"}],"wp:attachment":[{"href":"https:\/\/www.herbolarioarboldete.com\/index.php\/wp-json\/wp\/v2\/media?parent=2398"}],"wp:term":[{"taxonomy":"product_cat","embeddable":true,"href":"https:\/\/www.herbolarioarboldete.com\/index.php\/wp-json\/wp\/v2\/product_cat?post=2398"},{"taxonomy":"product_tag","embeddable":true,"href":"https:\/\/www.herbolarioarboldete.com\/index.php\/wp-json\/wp\/v2\/product_tag?post=2398"}],"curies":[{"name":"wp","href":"https:\/\/api.w.org\/{rel}","templated":true}]}}