{"id":2443,"date":"2021-03-09T18:19:42","date_gmt":"2021-03-09T17:19:42","guid":{"rendered":"https:\/\/www.herbolarioarboldete.com\/index.php\/producto\/infusion-granel-adelgazante0\/"},"modified":"2023-04-05T12:19:42","modified_gmt":"2023-04-05T10:19:42","slug":"infusion-granel-adelgazante0","status":"publish","type":"product","link":"https:\/\/www.herbolarioarboldete.com\/index.php\/producto\/infusion-granel-adelgazante0\/","title":{"rendered":"Infusion Granel Adelgazante 50gr"},"content":{"rendered":"","protected":false},"excerpt":{"rendered":"<p>Infusi\u00f3n granel adelgazante 50gr<\/p>\n<p>Ingredientes:<\/p>\n<p>Mate verde, ortiga, t\u00e9 rojo pu erh, zanahoria, aloe vera, ar\u00e1ndano, cal\u00e9ndula, malva, fresa, frambuesa y aroma.<\/p>\n<ul>\n<li>Efecto energizante<\/li>\n<li>Potente antioxidante<\/li>\n<li>Remineralizante&nbsp;<\/li>\n<li>Reduces niveles de colesterol<\/li>\n<li>Mezcla depurativa y diur\u00e9tica<\/li>\n<\/ul>\n","protected":false},"featured_media":2982,"comment_status":"open","ping_status":"closed","template":"","meta":{"_monsterinsights_skip_tracking":false,"_monsterinsights_sitenote_active":false,"_monsterinsights_sitenote_note":"","_monsterinsights_sitenote_category":0,"spay_email":""},"product_cat":[54],"product_tag":[],"class_list":["post-2443","product","type-product","status-publish","has-post-thumbnail","hentry","product_cat-tes-e-infusiones"],"_links":{"self":[{"href":"https:\/\/www.herbolarioarboldete.com\/index.php\/wp-json\/wp\/v2\/product\/2443","targetHints":{"allow":["GET"]}}],"collection":[{"href":"https:\/\/www.herbolarioarboldete.com\/index.php\/wp-json\/wp\/v2\/product"}],"about":[{"href":"https:\/\/www.herbolarioarboldete.com\/index.php\/wp-json\/wp\/v2\/types\/product"}],"replies":[{"embeddable":true,"href":"https:\/\/www.herbolarioarboldete.com\/index.php\/wp-json\/wp\/v2\/comments?post=2443"}],"wp:featuredmedia":[{"embeddable":true,"href":"https:\/\/www.herbolarioarboldete.com\/index.php\/wp-json\/wp\/v2\/media\/2982"}],"wp:attachment":[{"href":"https:\/\/www.herbolarioarboldete.com\/index.php\/wp-json\/wp\/v2\/media?parent=2443"}],"wp:term":[{"taxonomy":"product_cat","embeddable":true,"href":"https:\/\/www.herbolarioarboldete.com\/index.php\/wp-json\/wp\/v2\/product_cat?post=2443"},{"taxonomy":"product_tag","embeddable":true,"href":"https:\/\/www.herbolarioarboldete.com\/index.php\/wp-json\/wp\/v2\/product_tag?post=2443"}],"curies":[{"name":"wp","href":"https:\/\/api.w.org\/{rel}","templated":true}]}}