{"id":3549,"date":"2021-04-26T12:49:27","date_gmt":"2021-04-26T10:49:27","guid":{"rendered":"https:\/\/www.herbolarioarboldete.com\/?post_type=product&#038;p=3549"},"modified":"2023-04-05T12:17:24","modified_gmt":"2023-04-05T10:17:24","slug":"jabon-natural-con-arbol-de-te-100-gr","status":"publish","type":"product","link":"https:\/\/www.herbolarioarboldete.com\/index.php\/producto\/jabon-natural-con-arbol-de-te-100-gr\/","title":{"rendered":"Jabon Natural Con \u00c1rbol De T\u00c9 100 Gr"},"content":{"rendered":"","protected":false},"excerpt":{"rendered":"<p>EL ACEITE ES ANTISEPTICO. INDICADO PIEL CON ACN\u00c9.&nbsp;Sin conservantes sint\u00e9ticos como el BHT.&nbsp;ELABORADO CON ACEITE DE OLIVA Y COCO.&nbsp;SIN ACEITE DE PALMA.&nbsp;Adecuado para lavar la piel con heridas o rozaduras. Ayuda en la regeneraci\u00f3n de las c\u00e9lulas cut\u00e1neas da\u00f1adas&nbsp;<\/p>\n","protected":false},"featured_media":3550,"comment_status":"open","ping_status":"closed","template":"","meta":{"_monsterinsights_skip_tracking":false,"_monsterinsights_sitenote_active":false,"_monsterinsights_sitenote_note":"","_monsterinsights_sitenote_category":0,"spay_email":""},"product_cat":[32],"product_tag":[],"class_list":["post-3549","product","type-product","status-publish","has-post-thumbnail","hentry","product_cat-champu-y-acondicionador-solido"],"_links":{"self":[{"href":"https:\/\/www.herbolarioarboldete.com\/index.php\/wp-json\/wp\/v2\/product\/3549","targetHints":{"allow":["GET"]}}],"collection":[{"href":"https:\/\/www.herbolarioarboldete.com\/index.php\/wp-json\/wp\/v2\/product"}],"about":[{"href":"https:\/\/www.herbolarioarboldete.com\/index.php\/wp-json\/wp\/v2\/types\/product"}],"replies":[{"embeddable":true,"href":"https:\/\/www.herbolarioarboldete.com\/index.php\/wp-json\/wp\/v2\/comments?post=3549"}],"wp:featuredmedia":[{"embeddable":true,"href":"https:\/\/www.herbolarioarboldete.com\/index.php\/wp-json\/wp\/v2\/media\/3550"}],"wp:attachment":[{"href":"https:\/\/www.herbolarioarboldete.com\/index.php\/wp-json\/wp\/v2\/media?parent=3549"}],"wp:term":[{"taxonomy":"product_cat","embeddable":true,"href":"https:\/\/www.herbolarioarboldete.com\/index.php\/wp-json\/wp\/v2\/product_cat?post=3549"},{"taxonomy":"product_tag","embeddable":true,"href":"https:\/\/www.herbolarioarboldete.com\/index.php\/wp-json\/wp\/v2\/product_tag?post=3549"}],"curies":[{"name":"wp","href":"https:\/\/api.w.org\/{rel}","templated":true}]}}