{"id":3567,"date":"2021-05-03T11:00:35","date_gmt":"2021-05-03T09:00:35","guid":{"rendered":"https:\/\/www.herbolarioarboldete.com\/?post_type=product&#038;p=3567"},"modified":"2023-04-05T12:17:24","modified_gmt":"2023-04-05T10:17:24","slug":"champu-solido-ricino","status":"publish","type":"product","link":"https:\/\/www.herbolarioarboldete.com\/index.php\/producto\/champu-solido-ricino\/","title":{"rendered":"Champ\u00da S\u00d3lido Ricino"},"content":{"rendered":"","protected":false},"excerpt":{"rendered":"<p>PARA FORTALECER EL PELO D\u00c9BIL. El\u00a0<b>aceite de ricino<\/b>\u00a0vuelve el\u00a0<b>cabello<\/b>\u00a0m\u00e1s resistente y brillante\u00a0 aportando a su ra\u00edz los \u00e1cidos grasos necesarios. Ayuda a luchar contra la ca\u00edda de\u00a0<b>pelo<\/b>, a retrasar el blanqueamiento del\u00a0<b>cabello y<\/b>\u00a0a reducir la caspa del cuero cabelludo.<br \/>\n\u00b7 Aroma a\u00a0AR\u00c1NDANO<br \/>\n\u00b7 Elaborado de forma artesana.<br \/>\n\u00b7\u00a0<a href=\"https:\/\/www.deunapieza.es\/blog\/sodium-cocoyl-isethionate-vs-sodium-coco-sulphate-n20\" target=\"_blank\" rel=\"noopener\">Sin Sodium cocoyl isethionate (SCI)<\/a><br \/>\n\u00b7 Sin\u00a0empaquetado pl\u00e1sticos. Cero residuos<br \/>\n\u00b7 Diferentes ingredientes y usos para que encuentres el m\u00e1s adecuado.<br \/>\n\u00b7 98% ingredientes naturales seg\u00fan Norma Cosmos<br \/>\n\u00b7 Apta para veganos.<\/p>\n","protected":false},"featured_media":3569,"comment_status":"open","ping_status":"closed","template":"","meta":{"_monsterinsights_skip_tracking":false,"_monsterinsights_sitenote_active":false,"_monsterinsights_sitenote_note":"","_monsterinsights_sitenote_category":0,"spay_email":""},"product_cat":[32],"product_tag":[],"class_list":["post-3567","product","type-product","status-publish","has-post-thumbnail","hentry","product_cat-champu-y-acondicionador-solido"],"_links":{"self":[{"href":"https:\/\/www.herbolarioarboldete.com\/index.php\/wp-json\/wp\/v2\/product\/3567","targetHints":{"allow":["GET"]}}],"collection":[{"href":"https:\/\/www.herbolarioarboldete.com\/index.php\/wp-json\/wp\/v2\/product"}],"about":[{"href":"https:\/\/www.herbolarioarboldete.com\/index.php\/wp-json\/wp\/v2\/types\/product"}],"replies":[{"embeddable":true,"href":"https:\/\/www.herbolarioarboldete.com\/index.php\/wp-json\/wp\/v2\/comments?post=3567"}],"wp:featuredmedia":[{"embeddable":true,"href":"https:\/\/www.herbolarioarboldete.com\/index.php\/wp-json\/wp\/v2\/media\/3569"}],"wp:attachment":[{"href":"https:\/\/www.herbolarioarboldete.com\/index.php\/wp-json\/wp\/v2\/media?parent=3567"}],"wp:term":[{"taxonomy":"product_cat","embeddable":true,"href":"https:\/\/www.herbolarioarboldete.com\/index.php\/wp-json\/wp\/v2\/product_cat?post=3567"},{"taxonomy":"product_tag","embeddable":true,"href":"https:\/\/www.herbolarioarboldete.com\/index.php\/wp-json\/wp\/v2\/product_tag?post=3567"}],"curies":[{"name":"wp","href":"https:\/\/api.w.org\/{rel}","templated":true}]}}