{"id":3587,"date":"2021-05-03T11:42:50","date_gmt":"2021-05-03T09:42:50","guid":{"rendered":"https:\/\/www.herbolarioarboldete.com\/?post_type=product&#038;p=3587"},"modified":"2023-04-05T12:16:59","modified_gmt":"2023-04-05T10:16:59","slug":"mermelada-granada-bio-200gr-el-tio-hilario","status":"publish","type":"product","link":"https:\/\/www.herbolarioarboldete.com\/index.php\/producto\/mermelada-granada-bio-200gr-el-tio-hilario\/","title":{"rendered":"Mermelada Granada Bio 200gr El Tio Hilario"},"content":{"rendered":"","protected":false},"excerpt":{"rendered":"<p>MERMELADA GRANADA BIO 200GR EL TIO HILARIO<\/p>\n<p><strong>Ingredientes<\/strong>: Granada*, az\u00facar de ca\u00f1a*, agar-agar* y acidulante (\u00e1cido c\u00edtrico).<\/p>\n<p><strong>*procedente de agricultura ecol\u00f3gica.<\/strong><\/p>\n<p>Ideal para untar en el pan o tostada.<\/p>\n","protected":false},"featured_media":3658,"comment_status":"open","ping_status":"closed","template":"","meta":{"_monsterinsights_skip_tracking":false,"_monsterinsights_sitenote_active":false,"_monsterinsights_sitenote_note":"","_monsterinsights_sitenote_category":0,"spay_email":""},"product_cat":[34],"product_tag":[61],"class_list":["post-3587","product","type-product","status-publish","has-post-thumbnail","hentry","product_cat-alimentacion","product_tag-desayunos"],"_links":{"self":[{"href":"https:\/\/www.herbolarioarboldete.com\/index.php\/wp-json\/wp\/v2\/product\/3587","targetHints":{"allow":["GET"]}}],"collection":[{"href":"https:\/\/www.herbolarioarboldete.com\/index.php\/wp-json\/wp\/v2\/product"}],"about":[{"href":"https:\/\/www.herbolarioarboldete.com\/index.php\/wp-json\/wp\/v2\/types\/product"}],"replies":[{"embeddable":true,"href":"https:\/\/www.herbolarioarboldete.com\/index.php\/wp-json\/wp\/v2\/comments?post=3587"}],"wp:featuredmedia":[{"embeddable":true,"href":"https:\/\/www.herbolarioarboldete.com\/index.php\/wp-json\/wp\/v2\/media\/3658"}],"wp:attachment":[{"href":"https:\/\/www.herbolarioarboldete.com\/index.php\/wp-json\/wp\/v2\/media?parent=3587"}],"wp:term":[{"taxonomy":"product_cat","embeddable":true,"href":"https:\/\/www.herbolarioarboldete.com\/index.php\/wp-json\/wp\/v2\/product_cat?post=3587"},{"taxonomy":"product_tag","embeddable":true,"href":"https:\/\/www.herbolarioarboldete.com\/index.php\/wp-json\/wp\/v2\/product_tag?post=3587"}],"curies":[{"name":"wp","href":"https:\/\/api.w.org\/{rel}","templated":true}]}}