{"id":3677,"date":"2021-05-05T11:47:42","date_gmt":"2021-05-05T09:47:42","guid":{"rendered":"https:\/\/www.herbolarioarboldete.com\/?post_type=product&#038;p=3677"},"modified":"2023-04-05T12:15:28","modified_gmt":"2023-04-05T10:15:28","slug":"linguine-spirulina-250gr-la-finestra-sul-cielo","status":"publish","type":"product","link":"https:\/\/www.herbolarioarboldete.com\/index.php\/producto\/linguine-spirulina-250gr-la-finestra-sul-cielo\/","title":{"rendered":"Linguine Spirulina 250gr La Finestra Sul Cielo"},"content":{"rendered":"","protected":false},"excerpt":{"rendered":"<div class=\"contenido-exterior\">\n<div class=\"row\">\n<div class=\"col-xl-6 col-lg-7 col-md-7 col-sm-12 col-xs-12\">\n<div class=\"product-information\">\n<div class=\"tabs\">\n<div id=\"tab-content\" class=\"tab-content\">\n<div id=\"description\" class=\"tab-pane fade in active\" role=\"tabpanel\">\n<div class=\"product-description\">\n<p>LINGUINE SPIRULINA 250GR LA FINESTRA SUL CIELO<\/p>\n<p>Linguine con espirulina elaborado con ingredientes 100% ecol\u00f3gicos. El secreto de esta pasta est\u00e1 en el proceso, inspirado en la tradici\u00f3n. Seleccionando la mejor s\u00e9mola de trigo duro y con un m\u00e9todo de producci\u00f3n de pasta hecho al &#8220;bronzo&#8221; para retener mejor el sabor de las salsas y condimentos. 100% vegan.<\/p>\n<\/div>\n<\/div>\n<\/div>\n<\/div>\n<\/div>\n<div class=\"product-pdf-buttons\"><br data-mce-bogus=\"1\"><\/div>\n<\/div>\n<\/div>\n<\/div>\n","protected":false},"featured_media":3709,"comment_status":"open","ping_status":"closed","template":"","meta":{"_monsterinsights_skip_tracking":false,"_monsterinsights_sitenote_active":false,"_monsterinsights_sitenote_note":"","_monsterinsights_sitenote_category":0,"spay_email":""},"product_cat":[34],"product_tag":[59],"class_list":["post-3677","product","type-product","status-publish","has-post-thumbnail","hentry","product_cat-alimentacion","product_tag-pastas-y-arroces"],"_links":{"self":[{"href":"https:\/\/www.herbolarioarboldete.com\/index.php\/wp-json\/wp\/v2\/product\/3677","targetHints":{"allow":["GET"]}}],"collection":[{"href":"https:\/\/www.herbolarioarboldete.com\/index.php\/wp-json\/wp\/v2\/product"}],"about":[{"href":"https:\/\/www.herbolarioarboldete.com\/index.php\/wp-json\/wp\/v2\/types\/product"}],"replies":[{"embeddable":true,"href":"https:\/\/www.herbolarioarboldete.com\/index.php\/wp-json\/wp\/v2\/comments?post=3677"}],"wp:featuredmedia":[{"embeddable":true,"href":"https:\/\/www.herbolarioarboldete.com\/index.php\/wp-json\/wp\/v2\/media\/3709"}],"wp:attachment":[{"href":"https:\/\/www.herbolarioarboldete.com\/index.php\/wp-json\/wp\/v2\/media?parent=3677"}],"wp:term":[{"taxonomy":"product_cat","embeddable":true,"href":"https:\/\/www.herbolarioarboldete.com\/index.php\/wp-json\/wp\/v2\/product_cat?post=3677"},{"taxonomy":"product_tag","embeddable":true,"href":"https:\/\/www.herbolarioarboldete.com\/index.php\/wp-json\/wp\/v2\/product_tag?post=3677"}],"curies":[{"name":"wp","href":"https:\/\/api.w.org\/{rel}","templated":true}]}}