{"id":3875,"date":"2021-05-26T12:59:11","date_gmt":"2021-05-26T10:59:11","guid":{"rendered":"https:\/\/www.herbolarioarboldete.com\/?post_type=product&#038;p=3875"},"modified":"2023-04-05T12:13:01","modified_gmt":"2023-04-05T10:13:01","slug":"lino-molido-vita-seed-300gr-el-granero","status":"publish","type":"product","link":"https:\/\/www.herbolarioarboldete.com\/index.php\/producto\/lino-molido-vita-seed-300gr-el-granero\/","title":{"rendered":"Lino Molido Vita Seed 300gr El Granero"},"content":{"rendered":"","protected":false},"excerpt":{"rendered":"<table class=\"mce-item-table\" data-mce-selected=\"1\">\n<tbody>\n<tr>\n<td>\n<p>LINO MOLIDO VITA SEED 300GR<\/p>\n<p><strong>Semillas de Lino Molido<\/strong><\/p>\n<p>Ideales en el desayuno&nbsp;<strong>con cereales y yogur<\/strong>, en cremas y ensaladas&nbsp;<\/p>\n<ul>\n<li>Sin Gluten<\/li>\n<li>Vegano<\/li>\n<li>Sin lactosa<\/li>\n<li>Sin az\u00facares.<\/li>\n<\/ul>\n<p><strong>Producto con certificado de alimentaci\u00f3n ecol\u00f3gica.<\/strong><\/p>\n<p><strong>Ingredientes:&nbsp;<\/strong>semillas de lino marr\u00f3n* molidas (Linum usitatissimum). Puede contener trazas de frutos secos (almendras), soja y s\u00e9samo. (*)=De cultivo ecol\u00f3gico.<\/p>\n<\/td>\n<\/tr>\n<\/tbody>\n<\/table>\n<div id=\"mceResizeHandlenw\" data-mce-bogus=\"all\" class=\"mce-resizehandle\" unselectable=\"true\" data-mce-style=\"cursor: nw-resize; margin: 0px; padding: 0px; left: 5.5px; top: 4.5px;\" style=\"cursor: nw-resize; margin: 0px; padding: 0px; left: 5.5px; top: 4.5px;\"><\/div>\n<div id=\"mceResizeHandlene\" data-mce-bogus=\"all\" class=\"mce-resizehandle\" unselectable=\"true\" data-mce-style=\"cursor: ne-resize; margin: 0px; padding: 0px; left: 596.5px; top: 4.5px;\" style=\"cursor: ne-resize; margin: 0px; padding: 0px; left: 596.5px; top: 4.5px;\"><\/div>\n<div id=\"mceResizeHandlese\" data-mce-bogus=\"all\" class=\"mce-resizehandle\" unselectable=\"true\" data-mce-style=\"cursor: se-resize; margin: 0px; padding: 0px; left: 596.5px; top: 390.5px;\" style=\"cursor: se-resize; margin: 0px; padding: 0px; left: 596.5px; top: 390.5px;\"><\/div>\n<div id=\"mceResizeHandlesw\" data-mce-bogus=\"all\" class=\"mce-resizehandle\" unselectable=\"true\" data-mce-style=\"cursor: sw-resize; margin: 0px; padding: 0px; left: 5.5px; top: 390.5px;\" style=\"cursor: sw-resize; margin: 0px; padding: 0px; left: 5.5px; top: 390.5px;\"><\/div>\n","protected":false},"featured_media":3911,"comment_status":"open","ping_status":"closed","template":"","meta":{"_monsterinsights_skip_tracking":false,"_monsterinsights_sitenote_active":false,"_monsterinsights_sitenote_note":"","_monsterinsights_sitenote_category":0,"spay_email":""},"product_cat":[34],"product_tag":[48],"class_list":["post-3875","product","type-product","status-publish","has-post-thumbnail","hentry","product_cat-alimentacion","product_tag-semillas"],"_links":{"self":[{"href":"https:\/\/www.herbolarioarboldete.com\/index.php\/wp-json\/wp\/v2\/product\/3875","targetHints":{"allow":["GET"]}}],"collection":[{"href":"https:\/\/www.herbolarioarboldete.com\/index.php\/wp-json\/wp\/v2\/product"}],"about":[{"href":"https:\/\/www.herbolarioarboldete.com\/index.php\/wp-json\/wp\/v2\/types\/product"}],"replies":[{"embeddable":true,"href":"https:\/\/www.herbolarioarboldete.com\/index.php\/wp-json\/wp\/v2\/comments?post=3875"}],"wp:featuredmedia":[{"embeddable":true,"href":"https:\/\/www.herbolarioarboldete.com\/index.php\/wp-json\/wp\/v2\/media\/3911"}],"wp:attachment":[{"href":"https:\/\/www.herbolarioarboldete.com\/index.php\/wp-json\/wp\/v2\/media?parent=3875"}],"wp:term":[{"taxonomy":"product_cat","embeddable":true,"href":"https:\/\/www.herbolarioarboldete.com\/index.php\/wp-json\/wp\/v2\/product_cat?post=3875"},{"taxonomy":"product_tag","embeddable":true,"href":"https:\/\/www.herbolarioarboldete.com\/index.php\/wp-json\/wp\/v2\/product_tag?post=3875"}],"curies":[{"name":"wp","href":"https:\/\/api.w.org\/{rel}","templated":true}]}}