{"id":3936,"date":"2021-06-09T11:05:24","date_gmt":"2021-06-09T09:05:24","guid":{"rendered":"https:\/\/www.herbolarioarboldete.com\/?post_type=product&#038;p=3936"},"modified":"2023-04-05T12:12:12","modified_gmt":"2023-04-05T10:12:12","slug":"tofu-natural-vidrio-vegetalia-400gr","status":"publish","type":"product","link":"https:\/\/www.herbolarioarboldete.com\/index.php\/producto\/tofu-natural-vidrio-vegetalia-400gr\/","title":{"rendered":"Tofu Natural Vidrio Vegetalia 400gr"},"content":{"rendered":"","protected":false},"excerpt":{"rendered":"<p>TOFU NATURAL VIDRIO VEGETALIA 400GR<\/p>\n<p>El tofu contiene una gran cantidad de prote\u00ednas y de los diez amino\u00e1cidos esenciales.<\/p>\n<p>CONTIENE Soja* de cultivo ecol\u00f3gico, Cloruro C\u00e1lcico, Nigari, Agua, Sal NO CONTIENE lactosa, az\u00dacar, gluten ni huevo Certificado: CCPAE<\/p>\n","protected":false},"featured_media":3965,"comment_status":"open","ping_status":"closed","template":"","meta":{"_monsterinsights_skip_tracking":false,"_monsterinsights_sitenote_active":false,"_monsterinsights_sitenote_note":"","_monsterinsights_sitenote_category":0,"spay_email":""},"product_cat":[34],"product_tag":[111],"class_list":["post-3936","product","type-product","status-publish","has-post-thumbnail","hentry","product_cat-alimentacion","product_tag-untables-y-macrobiotica"],"_links":{"self":[{"href":"https:\/\/www.herbolarioarboldete.com\/index.php\/wp-json\/wp\/v2\/product\/3936","targetHints":{"allow":["GET"]}}],"collection":[{"href":"https:\/\/www.herbolarioarboldete.com\/index.php\/wp-json\/wp\/v2\/product"}],"about":[{"href":"https:\/\/www.herbolarioarboldete.com\/index.php\/wp-json\/wp\/v2\/types\/product"}],"replies":[{"embeddable":true,"href":"https:\/\/www.herbolarioarboldete.com\/index.php\/wp-json\/wp\/v2\/comments?post=3936"}],"wp:featuredmedia":[{"embeddable":true,"href":"https:\/\/www.herbolarioarboldete.com\/index.php\/wp-json\/wp\/v2\/media\/3965"}],"wp:attachment":[{"href":"https:\/\/www.herbolarioarboldete.com\/index.php\/wp-json\/wp\/v2\/media?parent=3936"}],"wp:term":[{"taxonomy":"product_cat","embeddable":true,"href":"https:\/\/www.herbolarioarboldete.com\/index.php\/wp-json\/wp\/v2\/product_cat?post=3936"},{"taxonomy":"product_tag","embeddable":true,"href":"https:\/\/www.herbolarioarboldete.com\/index.php\/wp-json\/wp\/v2\/product_tag?post=3936"}],"curies":[{"name":"wp","href":"https:\/\/api.w.org\/{rel}","templated":true}]}}