{"id":3992,"date":"2021-06-14T10:15:56","date_gmt":"2021-06-14T08:15:56","guid":{"rendered":"https:\/\/www.herbolarioarboldete.com\/?post_type=product&#038;p=3992"},"modified":"2023-04-05T12:11:05","modified_gmt":"2023-04-05T10:11:05","slug":"bimuesli-1kg-el-granero","status":"publish","type":"product","link":"https:\/\/www.herbolarioarboldete.com\/index.php\/producto\/bimuesli-1kg-el-granero\/","title":{"rendered":"Bimuesli 1kg El Granero"},"content":{"rendered":"","protected":false},"excerpt":{"rendered":"<p>BIMUESLI 1KG EL GRANERO<\/p>\n<p>Ingredienes: <\/p>\n<p>cereales 65,2% (copos de avena, copos de cebada, copos de centeno, copos de ma\u00edz tostados (copos de ma\u00edz, sal, extracto de malta de cebada, emulgente: mono y diglic\u00e9ridos de \u00e1cidos grasos), germen de trigo), frutas deshidratadas y frutos secos en proporci\u00f3n variable 23,1% (pasas sultanas, almendras, avellanas, papaya, pl\u00e1tano, albaricoque, higo, d\u00e1til, ciruela, pera, manzana, melocot\u00f3n), semillas (lino, girasol, s\u00e9samo blanco tostado) y lim\u00f3n en polvo. <\/p>\n<p>Contiene gluten, frutos secos, s\u00e9samo y sulfitos. Puede contener trazas de soja<\/p>\n","protected":false},"featured_media":3993,"comment_status":"open","ping_status":"closed","template":"","meta":{"_monsterinsights_skip_tracking":false,"_monsterinsights_sitenote_active":false,"_monsterinsights_sitenote_note":"","_monsterinsights_sitenote_category":0,"spay_email":""},"product_cat":[34],"product_tag":[61],"class_list":["post-3992","product","type-product","status-publish","has-post-thumbnail","hentry","product_cat-alimentacion","product_tag-desayunos"],"_links":{"self":[{"href":"https:\/\/www.herbolarioarboldete.com\/index.php\/wp-json\/wp\/v2\/product\/3992","targetHints":{"allow":["GET"]}}],"collection":[{"href":"https:\/\/www.herbolarioarboldete.com\/index.php\/wp-json\/wp\/v2\/product"}],"about":[{"href":"https:\/\/www.herbolarioarboldete.com\/index.php\/wp-json\/wp\/v2\/types\/product"}],"replies":[{"embeddable":true,"href":"https:\/\/www.herbolarioarboldete.com\/index.php\/wp-json\/wp\/v2\/comments?post=3992"}],"wp:featuredmedia":[{"embeddable":true,"href":"https:\/\/www.herbolarioarboldete.com\/index.php\/wp-json\/wp\/v2\/media\/3993"}],"wp:attachment":[{"href":"https:\/\/www.herbolarioarboldete.com\/index.php\/wp-json\/wp\/v2\/media?parent=3992"}],"wp:term":[{"taxonomy":"product_cat","embeddable":true,"href":"https:\/\/www.herbolarioarboldete.com\/index.php\/wp-json\/wp\/v2\/product_cat?post=3992"},{"taxonomy":"product_tag","embeddable":true,"href":"https:\/\/www.herbolarioarboldete.com\/index.php\/wp-json\/wp\/v2\/product_tag?post=3992"}],"curies":[{"name":"wp","href":"https:\/\/api.w.org\/{rel}","templated":true}]}}