{"id":4022,"date":"2021-06-21T11:18:38","date_gmt":"2021-06-21T09:18:38","guid":{"rendered":"https:\/\/www.herbolarioarboldete.com\/?post_type=product&#038;p=4022"},"modified":"2023-04-05T12:10:48","modified_gmt":"2023-04-05T10:10:48","slug":"biopilows-choco-avellanas-biocop-300gr","status":"publish","type":"product","link":"https:\/\/www.herbolarioarboldete.com\/index.php\/producto\/biopilows-choco-avellanas-biocop-300gr\/","title":{"rendered":"Biopilows Choco Avellanas Biocop 300gr"},"content":{"rendered":"","protected":false},"excerpt":{"rendered":"<p>BIOPILOWS CHOCO AVELLANAS BIOCOP 300gr<\/p>\n<div id=\"short_description_block\">\n<div id=\"short_description_content\" class=\"rte align_justify\">\n<p>Crujientes almohadillas rellenas de crema de chocolate con avellanas. Con arroz integral y az\u00facar moreno de ca\u00f1a. Tentempi\u00e9 ideal y atractivo para los peque\u00f1os y para a\u00f1adir al yogur o bebida vegetal.<\/p>\n<p><\/p>\n<\/div>\n<\/div>\n<div class=\"col-xs-12 div-info-producto\">\n<div id=\"short_description_content\" class=\"rte align_justify div-content-aleing\"><label>Ingredientes:<\/label><\/p>\n<p>Harina de arroz* 47.6%, crema de AVELLANAS y cacao* 30% (az\u00facar de ca\u00f1a*, aceite de girasol*, LECHE desnatada en polvo*, AVELLANAS* 7%, cacao en polvo desgrasado* 6.5%, manteca de cacao*, emulgente: lecitina de girasol), az\u00facar de ca\u00f1a*, harina de ma\u00edz* 7%, cacao en polvo desgrasado* 4.2%, aceite de girasol*. *De agricultura biol\u00f3gica.<\/p>\n<\/div>\n<\/div>\n","protected":false},"featured_media":4048,"comment_status":"open","ping_status":"closed","template":"","meta":{"_monsterinsights_skip_tracking":false,"_monsterinsights_sitenote_active":false,"_monsterinsights_sitenote_note":"","_monsterinsights_sitenote_category":0,"spay_email":""},"product_cat":[34],"product_tag":[61],"class_list":["post-4022","product","type-product","status-publish","has-post-thumbnail","hentry","product_cat-alimentacion","product_tag-desayunos"],"_links":{"self":[{"href":"https:\/\/www.herbolarioarboldete.com\/index.php\/wp-json\/wp\/v2\/product\/4022","targetHints":{"allow":["GET"]}}],"collection":[{"href":"https:\/\/www.herbolarioarboldete.com\/index.php\/wp-json\/wp\/v2\/product"}],"about":[{"href":"https:\/\/www.herbolarioarboldete.com\/index.php\/wp-json\/wp\/v2\/types\/product"}],"replies":[{"embeddable":true,"href":"https:\/\/www.herbolarioarboldete.com\/index.php\/wp-json\/wp\/v2\/comments?post=4022"}],"wp:featuredmedia":[{"embeddable":true,"href":"https:\/\/www.herbolarioarboldete.com\/index.php\/wp-json\/wp\/v2\/media\/4048"}],"wp:attachment":[{"href":"https:\/\/www.herbolarioarboldete.com\/index.php\/wp-json\/wp\/v2\/media?parent=4022"}],"wp:term":[{"taxonomy":"product_cat","embeddable":true,"href":"https:\/\/www.herbolarioarboldete.com\/index.php\/wp-json\/wp\/v2\/product_cat?post=4022"},{"taxonomy":"product_tag","embeddable":true,"href":"https:\/\/www.herbolarioarboldete.com\/index.php\/wp-json\/wp\/v2\/product_tag?post=4022"}],"curies":[{"name":"wp","href":"https:\/\/api.w.org\/{rel}","templated":true}]}}