{"id":4032,"date":"2021-06-21T11:18:49","date_gmt":"2021-06-21T09:18:49","guid":{"rendered":"https:\/\/www.herbolarioarboldete.com\/?post_type=product&#038;p=4032"},"modified":"2023-04-05T12:10:31","modified_gmt":"2023-04-05T10:10:31","slug":"zumo-de-pera-1l-eco-cal-valls","status":"publish","type":"product","link":"https:\/\/www.herbolarioarboldete.com\/index.php\/producto\/zumo-de-pera-1l-eco-cal-valls\/","title":{"rendered":"Zumo De Pera 1l Eco Cal Valls"},"content":{"rendered":"","protected":false},"excerpt":{"rendered":"<p>ZUMO DE PERA 1L ECO CAL VALLS<\/p>\n<ul>\n<li>Intolerancias: Sin Az\u00facares a\u00f1adidos, Sin az\u00facares, Sin Gluten<\/li>\n<\/ul>\n<p><strong>Zumo elaborado directamente de peras frescas.<\/strong><\/p>\n<ul>\n<li><b>Sin az\u00facar a\u00f1adido.<\/b><\/li>\n<\/ul>\n<p><strong>Ingredientes:<\/strong>&nbsp;zumo de manzana* 70% y zumo de pera* 30%.<\/p>\n","protected":false},"featured_media":4038,"comment_status":"open","ping_status":"closed","template":"","meta":{"_monsterinsights_skip_tracking":false,"_monsterinsights_sitenote_active":false,"_monsterinsights_sitenote_note":"","_monsterinsights_sitenote_category":0,"spay_email":""},"product_cat":[34],"product_tag":[94],"class_list":["post-4032","product","type-product","status-publish","has-post-thumbnail","hentry","product_cat-alimentacion","product_tag-refrescos"],"_links":{"self":[{"href":"https:\/\/www.herbolarioarboldete.com\/index.php\/wp-json\/wp\/v2\/product\/4032","targetHints":{"allow":["GET"]}}],"collection":[{"href":"https:\/\/www.herbolarioarboldete.com\/index.php\/wp-json\/wp\/v2\/product"}],"about":[{"href":"https:\/\/www.herbolarioarboldete.com\/index.php\/wp-json\/wp\/v2\/types\/product"}],"replies":[{"embeddable":true,"href":"https:\/\/www.herbolarioarboldete.com\/index.php\/wp-json\/wp\/v2\/comments?post=4032"}],"wp:featuredmedia":[{"embeddable":true,"href":"https:\/\/www.herbolarioarboldete.com\/index.php\/wp-json\/wp\/v2\/media\/4038"}],"wp:attachment":[{"href":"https:\/\/www.herbolarioarboldete.com\/index.php\/wp-json\/wp\/v2\/media?parent=4032"}],"wp:term":[{"taxonomy":"product_cat","embeddable":true,"href":"https:\/\/www.herbolarioarboldete.com\/index.php\/wp-json\/wp\/v2\/product_cat?post=4032"},{"taxonomy":"product_tag","embeddable":true,"href":"https:\/\/www.herbolarioarboldete.com\/index.php\/wp-json\/wp\/v2\/product_tag?post=4032"}],"curies":[{"name":"wp","href":"https:\/\/api.w.org\/{rel}","templated":true}]}}