{"id":4118,"date":"2021-06-30T09:59:29","date_gmt":"2021-06-30T07:59:29","guid":{"rendered":"https:\/\/www.herbolarioarboldete.com\/?post_type=product&#038;p=4118"},"modified":"2023-04-05T12:09:08","modified_gmt":"2023-04-05T10:09:08","slug":"ultra-pure-hialuronico-tratamiento-15ml-camaleon","status":"publish","type":"product","link":"https:\/\/www.herbolarioarboldete.com\/index.php\/producto\/ultra-pure-hialuronico-tratamiento-15ml-camaleon\/","title":{"rendered":"Ultra pure Hialur\u00f3nico tratamiento 15ml Camaleon"},"content":{"rendered":"","protected":false},"excerpt":{"rendered":"<p>Ultra pure Hialur\u00f3nico tratamiento 15ml Camaleon<\/p>\n<p>Concentrado de \u00e1cido hialur\u00f3nico con doble acci\u00f3n antiarrugas que mantiene la piel hidratada durante 24 horas y rellena las arrugas m\u00e1s profundas.<\/p>\n<p>Apto para todo tipo de pieles, incluso las m\u00e1s sensibles.<\/p>\n","protected":false},"featured_media":4125,"comment_status":"open","ping_status":"closed","template":"","meta":{"_monsterinsights_skip_tracking":false,"_monsterinsights_sitenote_active":false,"_monsterinsights_sitenote_note":"","_monsterinsights_sitenote_category":0,"spay_email":""},"product_cat":[35],"product_tag":[63],"class_list":["post-4118","product","type-product","status-publish","has-post-thumbnail","hentry","product_cat-cosmetica-natural","product_tag-cosmetica-facial"],"_links":{"self":[{"href":"https:\/\/www.herbolarioarboldete.com\/index.php\/wp-json\/wp\/v2\/product\/4118","targetHints":{"allow":["GET"]}}],"collection":[{"href":"https:\/\/www.herbolarioarboldete.com\/index.php\/wp-json\/wp\/v2\/product"}],"about":[{"href":"https:\/\/www.herbolarioarboldete.com\/index.php\/wp-json\/wp\/v2\/types\/product"}],"replies":[{"embeddable":true,"href":"https:\/\/www.herbolarioarboldete.com\/index.php\/wp-json\/wp\/v2\/comments?post=4118"}],"wp:featuredmedia":[{"embeddable":true,"href":"https:\/\/www.herbolarioarboldete.com\/index.php\/wp-json\/wp\/v2\/media\/4125"}],"wp:attachment":[{"href":"https:\/\/www.herbolarioarboldete.com\/index.php\/wp-json\/wp\/v2\/media?parent=4118"}],"wp:term":[{"taxonomy":"product_cat","embeddable":true,"href":"https:\/\/www.herbolarioarboldete.com\/index.php\/wp-json\/wp\/v2\/product_cat?post=4118"},{"taxonomy":"product_tag","embeddable":true,"href":"https:\/\/www.herbolarioarboldete.com\/index.php\/wp-json\/wp\/v2\/product_tag?post=4118"}],"curies":[{"name":"wp","href":"https:\/\/api.w.org\/{rel}","templated":true}]}}