{"id":4154,"date":"2021-08-25T11:42:41","date_gmt":"2021-08-25T09:42:41","guid":{"rendered":"https:\/\/www.herbolarioarboldete.com\/?post_type=product&#038;p=4154"},"modified":"2023-04-05T12:08:51","modified_gmt":"2023-04-05T10:08:51","slug":"benecos-mascara-maximo-volumen-bio-bio-8ml","status":"publish","type":"product","link":"https:\/\/www.herbolarioarboldete.com\/index.php\/producto\/benecos-mascara-maximo-volumen-bio-bio-8ml\/","title":{"rendered":"Benecos mascara maximo volumen Bio Bio 8ml"},"content":{"rendered":"","protected":false},"excerpt":{"rendered":"<p><strong>M<\/strong><strong>\u00e1scara de pesta\u00f1as m\u00e1ximo volumen de Benecos<\/strong><\/p>\n<p>Hace que las pesta\u00f1as se vean&nbsp;<strong>m\u00e1s gruesas y m\u00e1s largas<\/strong>&nbsp;y, por lo tanto, m\u00e1s seductoras.<\/p>\n<p>Contiene, entre otros ingredientes:<\/p>\n<ul>\n<li>Aloe Vera<\/li>\n<li>Cera de abejas<\/li>\n<li>Aceite de Jojoba<\/li>\n<li>Vitamina E<\/li>\n<\/ul>\n<p>Color: negro intenso<\/p>\n","protected":false},"featured_media":4267,"comment_status":"open","ping_status":"closed","template":"","meta":{"_monsterinsights_skip_tracking":false,"_monsterinsights_sitenote_active":false,"_monsterinsights_sitenote_note":"","_monsterinsights_sitenote_category":0,"spay_email":""},"product_cat":[35],"product_tag":[63],"class_list":["post-4154","product","type-product","status-publish","has-post-thumbnail","hentry","product_cat-cosmetica-natural","product_tag-cosmetica-facial"],"_links":{"self":[{"href":"https:\/\/www.herbolarioarboldete.com\/index.php\/wp-json\/wp\/v2\/product\/4154","targetHints":{"allow":["GET"]}}],"collection":[{"href":"https:\/\/www.herbolarioarboldete.com\/index.php\/wp-json\/wp\/v2\/product"}],"about":[{"href":"https:\/\/www.herbolarioarboldete.com\/index.php\/wp-json\/wp\/v2\/types\/product"}],"replies":[{"embeddable":true,"href":"https:\/\/www.herbolarioarboldete.com\/index.php\/wp-json\/wp\/v2\/comments?post=4154"}],"wp:featuredmedia":[{"embeddable":true,"href":"https:\/\/www.herbolarioarboldete.com\/index.php\/wp-json\/wp\/v2\/media\/4267"}],"wp:attachment":[{"href":"https:\/\/www.herbolarioarboldete.com\/index.php\/wp-json\/wp\/v2\/media?parent=4154"}],"wp:term":[{"taxonomy":"product_cat","embeddable":true,"href":"https:\/\/www.herbolarioarboldete.com\/index.php\/wp-json\/wp\/v2\/product_cat?post=4154"},{"taxonomy":"product_tag","embeddable":true,"href":"https:\/\/www.herbolarioarboldete.com\/index.php\/wp-json\/wp\/v2\/product_tag?post=4154"}],"curies":[{"name":"wp","href":"https:\/\/api.w.org\/{rel}","templated":true}]}}